{"id":63850,"date":"2026-09-01T12:50:41","date_gmt":"2026-09-01T16:50:41","guid":{"rendered":"https:\/\/www.supportedemployment.ca\/?post_type=tribe_events&#038;p=63850"},"modified":"2026-09-01T12:53:14","modified_gmt":"2026-09-01T16:53:14","slug":"deam-webinar-the-economic-case-for-disability-inclusive-workplaces","status":"publish","type":"tribe_events","link":"https:\/\/www.supportedemployment.ca\/fr\/event\/deam-webinar-the-economic-case-for-disability-inclusive-workplaces\/","title":{"rendered":"Webinaire MSEPSH\u00a0: Arguments \u00e9conomiques en faveur de l\u2019inclusion des personnes handicap\u00e9es au travail"},"content":{"rendered":"<p><strong>Mod\u00e9rateur:<\/strong><br \/>\nJoanna Goode, Directrice g\u00e9n\u00e9rale, ACSE<\/p>\n<p><strong>Intervenants :<\/strong><br \/>\nLeah Ringwald, directrice adjointe, Capital humain, Signal49 Research<br \/>\nBrittany Feor, \u00e9conomiste principale, Signal49 Research<\/p>\n<p><strong>Description:<\/strong><br \/>\nL\u2019inclusion des personnes handicap\u00e9es est plus qu\u2019une initiative de responsabilit\u00e9 sociale\u00a0; c\u2019est une strat\u00e9gie de main-d\u2019\u0153uvre qui peut aider les employeurs \u00e0 pallier la p\u00e9nurie de talents, \u00e0 am\u00e9liorer la fid\u00e9lisation, \u00e0 renforcer la performance organisationnelle et \u00e0 se connecter avec un vivier de main-d&#039;\u0153uvre qualifi\u00e9s souvent n\u00e9glig\u00e9.<\/p>\n<p>Joignez-vous \u00e0 Signal49 Research et \u00e0 MentorHabilet\u00e9s Canada pour une discussion sur une nouvelle \u00e9tude examinant comment l&#039;inclusion des personnes handicap\u00e9es peut profiter aux employeurs comme aux employ\u00e9s. D\u00e9couvrez les principaux r\u00e9sultats de l&#039;analyse d&#039;impact \u00e9conomique de Signal49 Research et explorez des strat\u00e9gies concr\u00e8tes pour cr\u00e9er des milieux de travail plus inclusifs.<\/p>","protected":false},"excerpt":{"rendered":"<p>Moderator: Joanna Goode, Executive Director, CASE Speakers: Leah Ringwald, Associate Director, Human Capital, Signal49 Research Brittany Feor, Senior Economist, Signal49 Research Description: Disability inclusion is more than a social responsibility [&hellip;]<\/p>\n","protected":false},"author":1637,"featured_media":0,"template":"","meta":{"_acf_changed":false,"_tribe_events_status":"","_tribe_events_status_reason":"","_tribe_events_is_hybrid":"","_tribe_events_is_virtual":"","_tribe_events_virtual_video_source":"","_tribe_events_virtual_embed_video":"","_tribe_events_virtual_linked_button_text":"","_tribe_events_virtual_linked_button":"","_tribe_events_virtual_show_embed_at":"","_tribe_events_virtual_show_embed_to":[],"_tribe_events_virtual_show_on_event":"","_tribe_events_virtual_show_on_views":"","_tribe_events_virtual_url":"","footnotes":""},"tags":[],"tribe_events_cat":[406],"class_list":["post-63850","tribe_events","type-tribe_events","status-publish","hentry","tribe_events_cat-deam","cat_deam"],"acf":[],"_links":{"self":[{"href":"https:\/\/www.supportedemployment.ca\/fr\/wp-json\/wp\/v2\/tribe_events\/63850","targetHints":{"allow":["GET"]}}],"collection":[{"href":"https:\/\/www.supportedemployment.ca\/fr\/wp-json\/wp\/v2\/tribe_events"}],"about":[{"href":"https:\/\/www.supportedemployment.ca\/fr\/wp-json\/wp\/v2\/types\/tribe_events"}],"author":[{"embeddable":true,"href":"https:\/\/www.supportedemployment.ca\/fr\/wp-json\/wp\/v2\/users\/1637"}],"version-history":[{"count":2,"href":"https:\/\/www.supportedemployment.ca\/fr\/wp-json\/wp\/v2\/tribe_events\/63850\/revisions"}],"predecessor-version":[{"id":63858,"href":"https:\/\/www.supportedemployment.ca\/fr\/wp-json\/wp\/v2\/tribe_events\/63850\/revisions\/63858"}],"wp:attachment":[{"href":"https:\/\/www.supportedemployment.ca\/fr\/wp-json\/wp\/v2\/media?parent=63850"}],"wp:term":[{"taxonomy":"post_tag","embeddable":true,"href":"https:\/\/www.supportedemployment.ca\/fr\/wp-json\/wp\/v2\/tags?post=63850"},{"taxonomy":"tribe_events_cat","embeddable":true,"href":"https:\/\/www.supportedemployment.ca\/fr\/wp-json\/wp\/v2\/tribe_events_cat?post=63850"}],"curies":[{"name":"wp","href":"https:\/\/api.w.org\/{rel}","templated":true}]}}

Webinaire MSEPSH : Arguments économiques en faveur de l’inclusion des personnes handicapées au travail

<p><strong>Modérateur:</strong><br />
Joanna Goode, Directrice générale, ACSE</p>
<p><strong>Intervenants :</strong><br />
Leah Ringwald, directrice adjointe, Capital humain, Signal49 Research<br />
Brittany Feor, économiste principale, Signal49 Research</p>
<p><strong>Description:</strong><br />
L’inclusion des personnes handicapées est plus qu’une initiative de responsabilité sociale ; c’est une stratégie de main-d’œuvre qui peut aider les employeurs à pallier la pénurie de talents, à améliorer la fidélisation, à renforcer la performance organisationnelle et à se connecter avec un vivier de main-d&#039;œuvre qualifiés souvent négligé.</p>
<p>Joignez-vous à Signal49 Research et à MentorHabiletés Canada pour une discussion sur une nouvelle étude examinant comment l&#039;inclusion des personnes handicapées peut profiter aux employeurs comme aux employés. Découvrez les principaux résultats de l&#039;analyse d&#039;impact économique de Signal49 Research et explorez des stratégies concrètes pour créer des milieux de travail plus inclusifs.</p>
