{"id":61159,"date":"2025-09-16T12:22:20","date_gmt":"2025-09-16T16:22:20","guid":{"rendered":"https:\/\/www.supportedemployment.ca\/?post_type=tribe_events&#038;p=61159"},"modified":"2025-09-16T12:22:20","modified_gmt":"2025-09-16T16:22:20","slug":"thriving-through-change-building-inclusive-workplaces-in-the-age-of-ai","status":"publish","type":"tribe_events","link":"https:\/\/www.supportedemployment.ca\/fr\/event\/thriving-through-change-building-inclusive-workplaces-in-the-age-of-ai\/","title":{"rendered":"Prosp\u00e9rer par le changement : b\u00e2tir des lieux de travail inclusifs \u00e0 l'\u00e8re de l'IA"},"content":{"rendered":"<p>Cet \u00e9v\u00e9nement annuel r\u00e9unit entreprises, organismes de services sociaux et militants pour explorer l&#039;avenir du travail inclusif. Que vous meniez d\u00e9j\u00e0 des initiatives ax\u00e9es sur l&#039;\u00e9quit\u00e9 ou que vous commenciez tout juste \u00e0 vous int\u00e9resser aux liens entre inclusion et innovation, cet \u00e9v\u00e9nement est fait pour vous.<\/p>\n<p style=\"text-align: center;\">Pourquoi participer ?<\/p>\n<ul>\n<li>Conf\u00e9rence principale : Joe Roberts, le PDG de Skid Row \u2013 une voix influente sur la r\u00e9silience et le leadership transformationnel.<\/li>\n<li>Discussion informelle : avec la participation de la Dre Jutta Treviranus (Universit\u00e9 OCAD, Centre de recherche sur la conception inclusive), du Dr Mahadeo Sukhai, qui abordera les th\u00e8mes de l&#039;accessibilit\u00e9, de l&#039;IA et de inclusion en milieu de travail , et de Victoria Maxwell, conf\u00e9renci\u00e8re principale, artiste et animatrice d&#039;ateliers.<\/li>\n<li>Activit\u00e9 interactive\u00a0: Les participants collaboreront \u00e0 l\u2019identification des obstacles et des meilleures pratiques pour soutenir les personnes souffrant de troubles de sant\u00e9 mentale sur le lieu de travail.<\/li>\n<li>Opportunit\u00e9s de r\u00e9seautage : petit-d\u00e9jeuner et d\u00e9jeuner inclus.<\/li>\n<li>Acc\u00e8s aux ressources : Recevez des rapports et des outils ax\u00e9s sur la sant\u00e9 mentale et l&#039;inclusion au travail.<\/li>\n<\/ul>","protected":false},"excerpt":{"rendered":"<p>This annual event brings together companies, social service providers, and advocates to explore the future of inclusive work. Whether you\u2019re already leading equity-driven initiatives or just beginning to explore how [&hellip;]<\/p>\n","protected":false},"author":3812,"featured_media":61185,"template":"","meta":{"_acf_changed":false,"_tribe_events_status":"","_tribe_events_status_reason":"","_tribe_events_is_hybrid":"","_tribe_events_is_virtual":"","_tribe_events_virtual_video_source":"","_tribe_events_virtual_embed_video":"","_tribe_events_virtual_linked_button_text":"","_tribe_events_virtual_linked_button":"","_tribe_events_virtual_show_embed_at":"","_tribe_events_virtual_show_embed_to":[],"_tribe_events_virtual_show_on_event":"","_tribe_events_virtual_show_on_views":"","_tribe_events_virtual_url":"","footnotes":""},"tags":[],"tribe_events_cat":[],"class_list":["post-61159","tribe_events","type-tribe_events","status-publish","has-post-thumbnail","hentry"],"acf":[],"_links":{"self":[{"href":"https:\/\/www.supportedemployment.ca\/fr\/wp-json\/wp\/v2\/tribe_events\/61159","targetHints":{"allow":["GET"]}}],"collection":[{"href":"https:\/\/www.supportedemployment.ca\/fr\/wp-json\/wp\/v2\/tribe_events"}],"about":[{"href":"https:\/\/www.supportedemployment.ca\/fr\/wp-json\/wp\/v2\/types\/tribe_events"}],"author":[{"embeddable":true,"href":"https:\/\/www.supportedemployment.ca\/fr\/wp-json\/wp\/v2\/users\/3812"}],"version-history":[{"count":0,"href":"https:\/\/www.supportedemployment.ca\/fr\/wp-json\/wp\/v2\/tribe_events\/61159\/revisions"}],"wp:featuredmedia":[{"embeddable":true,"href":"https:\/\/www.supportedemployment.ca\/fr\/wp-json\/wp\/v2\/media\/61185"}],"wp:attachment":[{"href":"https:\/\/www.supportedemployment.ca\/fr\/wp-json\/wp\/v2\/media?parent=61159"}],"wp:term":[{"taxonomy":"post_tag","embeddable":true,"href":"https:\/\/www.supportedemployment.ca\/fr\/wp-json\/wp\/v2\/tags?post=61159"},{"taxonomy":"tribe_events_cat","embeddable":true,"href":"https:\/\/www.supportedemployment.ca\/fr\/wp-json\/wp\/v2\/tribe_events_cat?post=61159"}],"curies":[{"name":"wp","href":"https:\/\/api.w.org\/{rel}","templated":true}]}}

Prospérer par le changement : bâtir des lieux de travail inclusifs à l'ère de l'IA

<p>Cet événement annuel réunit entreprises, organismes de services sociaux et militants pour explorer l&#039;avenir du travail inclusif. Que vous meniez déjà des initiatives axées sur l&#039;équité ou que vous commenciez tout juste à vous intéresser aux liens entre inclusion et innovation, cet événement est fait pour vous.</p>
<p style="text-align: center;">Pourquoi participer ?</p>
<ul>
<li>Conférence principale : Joe Roberts, le PDG de Skid Row – une voix influente sur la résilience et le leadership transformationnel.</li>
<li>Discussion informelle : avec la participation de la Dre Jutta Treviranus (Université OCAD, Centre de recherche sur la conception inclusive), du Dr Mahadeo Sukhai, qui abordera les thèmes de l&#039;accessibilité, de l&#039;IA et de inclusion en milieu de travail , et de Victoria Maxwell, conférencière principale, artiste et animatrice d&#039;ateliers.</li>
<li>Activité interactive : Les participants collaboreront à l’identification des obstacles et des meilleures pratiques pour soutenir les personnes souffrant de troubles de santé mentale sur le lieu de travail.</li>
<li>Opportunités de réseautage : petit-déjeuner et déjeuner inclus.</li>
<li>Accès aux ressources : Recevez des rapports et des outils axés sur la santé mentale et l&#039;inclusion au travail.</li>
</ul>
