{"id":60067,"date":"2025-04-03T07:51:16","date_gmt":"2025-04-03T11:51:16","guid":{"rendered":"https:\/\/www.supportedemployment.ca\/?post_type=tribe_events&#038;p=60067"},"modified":"2025-04-03T07:51:16","modified_gmt":"2025-04-03T11:51:16","slug":"sarc-spring-conference","status":"publish","type":"tribe_events","link":"https:\/\/www.supportedemployment.ca\/fr\/event\/sarc-spring-conference\/","title":{"rendered":"Conf\u00e9rence de printemps du SARC"},"content":{"rendered":"<p>La conf\u00e9rence de printemps de la SARC est un \u00e9v\u00e9nement annuel de r\u00e9seautage et de formation en pr\u00e9sentiel destin\u00e9 au personnel de prestation de services et aux professionnels de soutien \u00e0 l&#039;emploi dans le secteur des services aux personnes handicap\u00e9es. Cette conf\u00e9rence comprend \u00e9galement un espace d&#039;exposition o\u00f9 les participants peuvent d\u00e9couvrir diverses organisations et entreprises proposant des services et un soutien susceptibles d&#039;\u00eatre utiles \u00e0 leur organisation et aux personne qu&#039;ils accompagnent.<\/p>\n<p>Cette conf\u00e9rence propose des sessions de perfectionnement professionnel sur une grande vari\u00e9t\u00e9 de sujets applicables et d&#039;actualit\u00e9 dans le secteur des services aux personnes handicap\u00e9es.<\/p>","protected":false},"excerpt":{"rendered":"<p>The SARC Spring Conference is an annual in-person networking and training conference for service delivery staff and supported employment professionals in the disability service sector. This conference also features an [&hellip;]<\/p>\n","protected":false},"author":248,"featured_media":60070,"template":"","meta":{"_acf_changed":false,"_tribe_events_status":"","_tribe_events_status_reason":"","_tribe_events_is_hybrid":"","_tribe_events_is_virtual":"","_tribe_events_virtual_video_source":"","_tribe_events_virtual_embed_video":"","_tribe_events_virtual_linked_button_text":"","_tribe_events_virtual_linked_button":"","_tribe_events_virtual_show_embed_at":"","_tribe_events_virtual_show_embed_to":[],"_tribe_events_virtual_show_on_event":"","_tribe_events_virtual_show_on_views":"","_tribe_events_virtual_url":"","footnotes":""},"tags":[73],"tribe_events_cat":[],"class_list":["post-60067","tribe_events","type-tribe_events","status-publish","has-post-thumbnail","hentry","tag-saskatchewan"],"acf":[],"_links":{"self":[{"href":"https:\/\/www.supportedemployment.ca\/fr\/wp-json\/wp\/v2\/tribe_events\/60067","targetHints":{"allow":["GET"]}}],"collection":[{"href":"https:\/\/www.supportedemployment.ca\/fr\/wp-json\/wp\/v2\/tribe_events"}],"about":[{"href":"https:\/\/www.supportedemployment.ca\/fr\/wp-json\/wp\/v2\/types\/tribe_events"}],"author":[{"embeddable":true,"href":"https:\/\/www.supportedemployment.ca\/fr\/wp-json\/wp\/v2\/users\/248"}],"version-history":[{"count":0,"href":"https:\/\/www.supportedemployment.ca\/fr\/wp-json\/wp\/v2\/tribe_events\/60067\/revisions"}],"wp:featuredmedia":[{"embeddable":true,"href":"https:\/\/www.supportedemployment.ca\/fr\/wp-json\/wp\/v2\/media\/60070"}],"wp:attachment":[{"href":"https:\/\/www.supportedemployment.ca\/fr\/wp-json\/wp\/v2\/media?parent=60067"}],"wp:term":[{"taxonomy":"post_tag","embeddable":true,"href":"https:\/\/www.supportedemployment.ca\/fr\/wp-json\/wp\/v2\/tags?post=60067"},{"taxonomy":"tribe_events_cat","embeddable":true,"href":"https:\/\/www.supportedemployment.ca\/fr\/wp-json\/wp\/v2\/tribe_events_cat?post=60067"}],"curies":[{"name":"wp","href":"https:\/\/api.w.org\/{rel}","templated":true}]}}

Conférence de printemps du SARC

<p>La conférence de printemps de la SARC est un événement annuel de réseautage et de formation en présentiel destiné au personnel de prestation de services et aux professionnels de soutien à l&#039;emploi dans le secteur des services aux personnes handicapées. Cette conférence comprend également un espace d&#039;exposition où les participants peuvent découvrir diverses organisations et entreprises proposant des services et un soutien susceptibles d&#039;être utiles à leur organisation et aux personne qu&#039;ils accompagnent.</p>
<p>Cette conférence propose des sessions de perfectionnement professionnel sur une grande variété de sujets applicables et d&#039;actualité dans le secteur des services aux personnes handicapées.</p>
